{"id":187,"date":"2020-05-06T17:09:08","date_gmt":"2020-05-06T15:09:08","guid":{"rendered":"https:\/\/plandepargneindividuel.wordpress.com\/?page_id=187"},"modified":"2020-09-29T16:26:50","modified_gmt":"2020-09-29T14:26:50","slug":"votre-strategie","status":"publish","type":"page","link":"https:\/\/leplanepargneretraite.fr\/per\/index.php\/votre-strategie\/","title":{"rendered":"Dans quel cas est-il int\u00e9ressant d\u2019\u00e9pargner sur un PER ?"},"content":{"rendered":"\n<p class=\"has-black-color has-text-color\">Vos versements viennent diminuer le revenu imposable de votre foyer selon votre disponible fiscal qui est d\u00e9fini par vos revenus d\u2019activit\u00e9 professionnelle et votre statut (salari\u00e9, fonctionnaire, ou travailleur non salari\u00e9).<\/p>\n\n\n\n<p class=\"has-black-color has-text-color\"><strong>Le PER est particuli\u00e8rement int\u00e9ressant pour les individus qui disposent de revenus importants<\/strong>. Par exemple, une personne seule qui gagne 40 000 euros par an paiera 30 centimes d\u2019imp\u00f4ts suppl\u00e9mentaires pour chaque euro gagn\u00e9 en plus (sa tranche marginale d\u2019imposition, ou TMI, est de 30%).<\/p>\n\n\n\n<div class=\"wp-block-image\"><figure class=\"aligncenter size-large\"><img loading=\"lazy\" width=\"1024\" height=\"576\" src=\"https:\/\/leplanepargneretraite.fr\/per\/wp-content\/uploads\/2020\/09\/Exemple-versement-PER-copie-photo-1-1024x576.png\" alt=\"\" class=\"wp-image-1035\" srcset=\"https:\/\/leplanepargneretraite.fr\/per\/wp-content\/uploads\/2020\/09\/Exemple-versement-PER-copie-photo-1-1024x576.png 1024w, https:\/\/leplanepargneretraite.fr\/per\/wp-content\/uploads\/2020\/09\/Exemple-versement-PER-copie-photo-1-300x169.png 300w, https:\/\/leplanepargneretraite.fr\/per\/wp-content\/uploads\/2020\/09\/Exemple-versement-PER-copie-photo-1-768x432.png 768w, https:\/\/leplanepargneretraite.fr\/per\/wp-content\/uploads\/2020\/09\/Exemple-versement-PER-copie-photo-1-107x60.png 107w, https:\/\/leplanepargneretraite.fr\/per\/wp-content\/uploads\/2020\/09\/Exemple-versement-PER-copie-photo-1.png 1280w\" sizes=\"(max-width: 1024px) 100vw, 1024px\" \/><\/figure><\/div>\n\n\n\n<div class=\"wp-block-image\"><figure class=\"aligncenter size-large\"><img loading=\"lazy\" width=\"1024\" height=\"576\" src=\"https:\/\/leplanepargneretraite.fr\/per\/wp-content\/uploads\/2020\/09\/Exemple-versement-PER-copie-photo-2-1-1024x576.png\" alt=\"\" class=\"wp-image-1036\" srcset=\"https:\/\/leplanepargneretraite.fr\/per\/wp-content\/uploads\/2020\/09\/Exemple-versement-PER-copie-photo-2-1-1024x576.png 1024w, https:\/\/leplanepargneretraite.fr\/per\/wp-content\/uploads\/2020\/09\/Exemple-versement-PER-copie-photo-2-1-300x169.png 300w, https:\/\/leplanepargneretraite.fr\/per\/wp-content\/uploads\/2020\/09\/Exemple-versement-PER-copie-photo-2-1-768x432.png 768w, https:\/\/leplanepargneretraite.fr\/per\/wp-content\/uploads\/2020\/09\/Exemple-versement-PER-copie-photo-2-1-107x60.png 107w, https:\/\/leplanepargneretraite.fr\/per\/wp-content\/uploads\/2020\/09\/Exemple-versement-PER-copie-photo-2-1.png 1280w\" sizes=\"(max-width: 1024px) 100vw, 1024px\" \/><figcaption>Le taux marginal d&#8217;imposition, ou&nbsp;<strong>TMI<\/strong>&nbsp;(aussi appel\u00e9 tranche marginale d&#8217;imposition) est le taux auquel vos revenus seront tax\u00e9s.&nbsp;<\/figcaption><\/figure><\/div>\n\n\n\n<p class=\"has-text-color\" style=\"color:#2a870d\">L\u2019investissement dans un PER permet de diminuer son imp\u00f4t pendant sa vie active, et utiliser cette \u00e9pargne durant sa retraite, avec une tranche marginale d\u2019imposition inf\u00e9rieure ou \u00e9quivalente.<\/p>\n\n\n\n<p class=\"has-background\" style=\"background-color:#e8e8e8\">Vos imp\u00f4ts ainsi d\u00e9duits permettront de g\u00e9n\u00e9rer des plus-values pendant toute la dur\u00e9e du plan. De plus, comme vous diff\u00e9rez votre imposition, c\u2019est comme si vous investissiez vos imp\u00f4ts\u00a0: investir 10\u00a0000 \u20ac ne vous en co\u00fbte que 7\u00a0000 si vous \u00e9conomisez 3\u00a0000 \u20ac d\u2019imp\u00f4ts. Certes, vous devrez payer ces imp\u00f4ts \u00e0 la sortie, mais les int\u00e9r\u00eats produits par ces 3\u00a0000 \u20ac pendant 15 ans vous reviennent. Vous b\u00e9n\u00e9ficiez donc du fruit de l\u2019investissement de vos imp\u00f4ts.<\/p>\n\n\n\n<figure class=\"wp-block-video\"><video autoplay controls loop src=\"http:\/\/leplanepargneretraite.fr\/per\/wp-content\/uploads\/2020\/07\/Sans-titre-10-1.mp4\" playsinline><\/video><\/figure>\n\n\n\n<p class=\"has-black-color has-text-color\">Voici un tableau d\u00e9finissant en d\u00e9tail le montant d\u00e9ductible des tranches d&#8217;imposition les plus hautes pour un c\u00e9libataire puis pour un couple. <\/p>\n\n\n\n<div class=\"wp-block-image\"><figure class=\"aligncenter size-large is-resized\"><img loading=\"lazy\" src=\"https:\/\/leplanepargneretraite.fr\/per\/wp-content\/uploads\/2020\/09\/tableau-vers-couple-1024x488.png\" alt=\"\" class=\"wp-image-1074\" width=\"773\" height=\"367\" srcset=\"https:\/\/leplanepargneretraite.fr\/per\/wp-content\/uploads\/2020\/09\/tableau-vers-couple-1024x488.png 1024w, https:\/\/leplanepargneretraite.fr\/per\/wp-content\/uploads\/2020\/09\/tableau-vers-couple-300x143.png 300w, https:\/\/leplanepargneretraite.fr\/per\/wp-content\/uploads\/2020\/09\/tableau-vers-couple-768x366.png 768w, https:\/\/leplanepargneretraite.fr\/per\/wp-content\/uploads\/2020\/09\/tableau-vers-couple-1536x732.png 1536w, https:\/\/leplanepargneretraite.fr\/per\/wp-content\/uploads\/2020\/09\/tableau-vers-couple-126x60.png 126w, https:\/\/leplanepargneretraite.fr\/per\/wp-content\/uploads\/2020\/09\/tableau-vers-couple.png 1817w\" sizes=\"(max-width: 773px) 100vw, 773px\" \/><\/figure><\/div>\n\n\n\n<div style=\"height:25px\" aria-hidden=\"true\" class=\"wp-block-spacer\"><\/div>\n\n\n\n<h4 class=\"has-text-color\" style=\"color:#2a870d\"><strong>Pour les \u00e9pargnants faiblement imposables<\/strong><\/h4>\n\n\n\n<div style=\"height:25px\" aria-hidden=\"true\" class=\"wp-block-spacer\"><\/div>\n\n\n\n<p class=\"has-black-color has-text-color\">La d\u00e9fiscalisation de vos versements n\u2019est pas l\u2019enjeu principal. Il est pr\u00e9f\u00e9rable de renoncer \u00e0 l\u2019avantage fiscal appliqu\u00e9 \u00e0 l\u2019entr\u00e9e. Vos versements seront d\u00e8s lors non d\u00e9ductibles. A la sortie, seules les plus-values seront tax\u00e9es.<\/p>\n\n\n\n<p class=\"has-black-color has-text-color\">Il s\u2019agira d\u2019une simple strat\u00e9gie d\u2019\u00e9pargne en vue de votre retraite. Suivant les cas, il est souhaitable de privil\u00e9gier l&#8217;assurance vie. <\/p>\n\n\n\n<p class=\"has-black-color has-text-color\">Astuce : Dans le cas o\u00f9 vous souhaitez b\u00e9n\u00e9ficier de la d\u00e9ductibilit\u00e9 \u00e0 l\u2019entr\u00e9e et que vos versements atteignent le plafond, vous avez toujours la possibilit\u00e9 d\u2019alimenter votre PER. Vous affectez alors votre \u00e9pargne au compartiment des versements volontaires non d\u00e9ductibles.<\/p>\n\n\n<p class=\"has-text-color\" style=\"color: #2a870d;\"><span style=\"color: #000000;\">Concernant le choix du PER ainsi que l&#8217;allocation pr\u00e9conis\u00e9e, il est recommand\u00e9 de faire appel \u00e0 votre conseiller\u00a0<\/span><\/p>\n\n\n<div style=\"height:56px\" aria-hidden=\"true\" class=\"wp-block-spacer\"><\/div>\n\n\n\n<div class=\"wp-block-buttons aligncenter\">\n<div class=\"wp-block-button is-style-outline\"><a class=\"wp-block-button__link has-white-background-color has-text-color has-background\" href=\"https:\/\/leplanepargneretraite.fr\/per\/index.php\/contact\/\" style=\"color:#2a870d\">\u00catre contact\u00e9 par un conseiller patrimonial<\/a><\/div>\n<\/div>\n\n\n\n<div style=\"height:56px\" aria-hidden=\"true\" class=\"wp-block-spacer\"><\/div>\n\n\n\n<p class=\"has-black-color has-text-color\">Ainsi, pour que l\u2019investissement dans un PER soit vraiment int\u00e9ressant, il faut en g\u00e9n\u00e9ral que votre investissement vous procure une \u00e9conomie d\u2019imp\u00f4ts d\u2019au moins 30%. Et si vous anticipez une baisse de vos revenus \u00e0 la retraite, les imp\u00f4ts que vous paierez \u00e0 la sortie pourraient \u00eatre inf\u00e9rieurs aux imp\u00f4ts \u00e9conomis\u00e9s \u00e0 l\u2019entr\u00e9e.&nbsp;<\/p>\n\n\n\n<p><\/p>\n","protected":false},"excerpt":{"rendered":"<p>Vos versements viennent diminuer le revenu imposable de votre foyer selon votre disponible fiscal qui est d\u00e9fini par vos revenus d\u2019activit\u00e9 professionnelle et votre statut (salari\u00e9, fonctionnaire, ou travailleur non salari\u00e9). Le PER est particuli\u00e8rement int\u00e9ressant pour les individus qui disposent de revenus importants. Par exemple, une personne seule qui gagne 40 000 euros par &hellip; <\/p>\n","protected":false},"author":2,"featured_media":0,"parent":0,"menu_order":0,"comment_status":"closed","ping_status":"closed","template":"","meta":[],"uagb_featured_image_src":{"full":false,"thumbnail":false,"medium":false,"medium_large":false,"large":false,"1536x1536":false,"2048x2048":false,"wptouch-new-thumbnail":false,"rara-business-featured":false,"rara-business-team":false,"rara-business-blog":false,"rara-business-portfolio":false,"rara-business-schema":false},"uagb_author_info":{"display_name":"dmvper","author_link":"https:\/\/leplanepargneretraite.fr\/per\/index.php\/author\/dmvper\/"},"uagb_comment_info":0,"uagb_excerpt":"Vos versements viennent diminuer le revenu imposable de votre foyer selon votre disponible fiscal qui est d\u00e9fini par vos revenus d\u2019activit\u00e9 professionnelle et votre statut (salari\u00e9, fonctionnaire, ou travailleur non salari\u00e9). Le PER est particuli\u00e8rement int\u00e9ressant pour les individus qui disposent de revenus importants. Par exemple, une personne seule qui gagne 40 000 euros par\u2026","yoast_head":"<!-- This site is optimized with the Yoast SEO plugin v14.9 - https:\/\/yoast.com\/wordpress\/plugins\/seo\/ -->\n<title>Dans quel cas est-il int\u00e9ressant d\u2019\u00e9pargner sur un PER ? - Le Plan Epargne Retraite<\/title>\n<meta name=\"robots\" content=\"index, follow, max-snippet:-1, max-image-preview:large, max-video-preview:-1\" \/>\n<link rel=\"canonical\" href=\"https:\/\/leplanepargneretraite.fr\/per\/index.php\/votre-strategie\/\" \/>\n<meta property=\"og:locale\" content=\"fr_FR\" \/>\n<meta property=\"og:type\" content=\"article\" \/>\n<meta property=\"og:title\" content=\"Dans quel cas est-il int\u00e9ressant d\u2019\u00e9pargner sur un PER ? - Le Plan Epargne Retraite\" \/>\n<meta property=\"og:description\" content=\"Vos versements viennent diminuer le revenu imposable de votre foyer selon votre disponible fiscal qui est d\u00e9fini par vos revenus d\u2019activit\u00e9 professionnelle et votre statut (salari\u00e9, fonctionnaire, ou travailleur non salari\u00e9). Le PER est particuli\u00e8rement int\u00e9ressant pour les individus qui disposent de revenus importants. Par exemple, une personne seule qui gagne 40 000 euros par &hellip;\" \/>\n<meta property=\"og:url\" content=\"https:\/\/leplanepargneretraite.fr\/per\/index.php\/votre-strategie\/\" \/>\n<meta property=\"og:site_name\" content=\"Le Plan Epargne Retraite\" \/>\n<meta property=\"article:modified_time\" content=\"2020-09-29T14:26:50+00:00\" \/>\n<meta property=\"og:image\" content=\"https:\/\/leplanepargneretraite.fr\/per\/wp-content\/uploads\/2020\/09\/Exemple-versement-PER-copie-photo-1-1024x576.png\" \/>\n<meta name=\"twitter:card\" content=\"summary_large_image\" \/>\n<script type=\"application\/ld+json\" class=\"yoast-schema-graph\">{\"@context\":\"https:\/\/schema.org\",\"@graph\":[{\"@type\":\"Organization\",\"@id\":\"https:\/\/leplanepargneretraite.fr\/per\/#organization\",\"name\":\"Le plan epargne retraite\",\"url\":\"https:\/\/leplanepargneretraite.fr\/per\/\",\"sameAs\":[],\"logo\":{\"@type\":\"ImageObject\",\"@id\":\"https:\/\/leplanepargneretraite.fr\/per\/#logo\",\"inLanguage\":\"fr-FR\",\"url\":\"https:\/\/leplanepargneretraite.fr\/per\/wp-content\/uploads\/2020\/09\/PER-7.png\",\"width\":1080,\"height\":1080,\"caption\":\"Le plan epargne retraite\"},\"image\":{\"@id\":\"https:\/\/leplanepargneretraite.fr\/per\/#logo\"}},{\"@type\":\"WebSite\",\"@id\":\"https:\/\/leplanepargneretraite.fr\/per\/#website\",\"url\":\"https:\/\/leplanepargneretraite.fr\/per\/\",\"name\":\"Le Plan Epargne Retraite\",\"description\":\"Investissez vos imp\\u00f4ts pour pr\\u00e9parer votre retraite\",\"publisher\":{\"@id\":\"https:\/\/leplanepargneretraite.fr\/per\/#organization\"},\"potentialAction\":[{\"@type\":\"SearchAction\",\"target\":\"https:\/\/leplanepargneretraite.fr\/per\/?s={search_term_string}\",\"query-input\":\"required name=search_term_string\"}],\"inLanguage\":\"fr-FR\"},{\"@type\":\"ImageObject\",\"@id\":\"https:\/\/leplanepargneretraite.fr\/per\/index.php\/votre-strategie\/#primaryimage\",\"inLanguage\":\"fr-FR\",\"url\":\"https:\/\/leplanepargneretraite.fr\/per\/wp-content\/uploads\/2020\/09\/Exemple-versement-PER-copie-photo-1.png\",\"width\":1280,\"height\":720},{\"@type\":\"WebPage\",\"@id\":\"https:\/\/leplanepargneretraite.fr\/per\/index.php\/votre-strategie\/#webpage\",\"url\":\"https:\/\/leplanepargneretraite.fr\/per\/index.php\/votre-strategie\/\",\"name\":\"Dans quel cas est-il int\\u00e9ressant d\\u2019\\u00e9pargner sur un PER ? - Le Plan Epargne Retraite\",\"isPartOf\":{\"@id\":\"https:\/\/leplanepargneretraite.fr\/per\/#website\"},\"primaryImageOfPage\":{\"@id\":\"https:\/\/leplanepargneretraite.fr\/per\/index.php\/votre-strategie\/#primaryimage\"},\"datePublished\":\"2020-05-06T15:09:08+00:00\",\"dateModified\":\"2020-09-29T14:26:50+00:00\",\"inLanguage\":\"fr-FR\",\"potentialAction\":[{\"@type\":\"ReadAction\",\"target\":[\"https:\/\/leplanepargneretraite.fr\/per\/index.php\/votre-strategie\/\"]}]}]}<\/script>\n<!-- \/ Yoast SEO plugin. -->","_links":{"self":[{"href":"https:\/\/leplanepargneretraite.fr\/per\/index.php\/wp-json\/wp\/v2\/pages\/187"}],"collection":[{"href":"https:\/\/leplanepargneretraite.fr\/per\/index.php\/wp-json\/wp\/v2\/pages"}],"about":[{"href":"https:\/\/leplanepargneretraite.fr\/per\/index.php\/wp-json\/wp\/v2\/types\/page"}],"author":[{"embeddable":true,"href":"https:\/\/leplanepargneretraite.fr\/per\/index.php\/wp-json\/wp\/v2\/users\/2"}],"replies":[{"embeddable":true,"href":"https:\/\/leplanepargneretraite.fr\/per\/index.php\/wp-json\/wp\/v2\/comments?post=187"}],"version-history":[{"count":45,"href":"https:\/\/leplanepargneretraite.fr\/per\/index.php\/wp-json\/wp\/v2\/pages\/187\/revisions"}],"predecessor-version":[{"id":1331,"href":"https:\/\/leplanepargneretraite.fr\/per\/index.php\/wp-json\/wp\/v2\/pages\/187\/revisions\/1331"}],"wp:attachment":[{"href":"https:\/\/leplanepargneretraite.fr\/per\/index.php\/wp-json\/wp\/v2\/media?parent=187"}],"curies":[{"name":"wp","href":"https:\/\/api.w.org\/{rel}","templated":true}]}}